22).
3
Let o(k) = 4*k**2 + 5*k + 2. What is o(-3)?
23
Let a(u) = 3*u - 2. What is a(11)?
31
Let a(o) = 6*o + 105. Determine a(-18).
-3
Let a(w) = -12*w + 23. What is a(5)?
-37
Let x(o) = -2*o**3 - 26*o**2 - 1. What is x(-13)?
-1
Let x(i) = -4*i**3 + 56*i**2 + 5*i - 78. Give x(14).
-8
Let x(m) = -7*m**2 - 4*m + 1. Calculate x(-3).
-50
Let x(q) = -14*q**3 + q**2 + q + 1. What is x(-1)?
15
Let h(y) = -y**3 - 6*y**2 - 11*y - 3. What is h(-3)?
3
Let z(r) = -r**3 + r**2 + 4*r + 8. Determine z(0).
8
Let v(s) = -11*s - 34. What is v(-3)?
-1
Let f(r) = -r + 10. Give f(8).
2
Let a(x) = x**2 - 22*x + 2. What is a(12)?
-118
Let r(s) = -2*s - 16. What is r(11)?
-38
Let j(g) = -6*g**2 + 3*g + 4. Give j(-3).
-59
Let k(x) = x**3 + 3*x**2 + 5*x - 25. Give k(2).
5
Let a(f) = f**3 + 18*f**2 + f + 17. Determine a(-18).
-1
Let a(z) = z**3 + 29*z**2 + 53*z - 43. Give a(-27).
-16
Let l(p) = p**3 - 3*p - 5. What is l(-2)?
-7
Let w(g) = g**3 - 2*g**2 - 6*g - 2. Determine w(4).
6
Let f(s) = s**3 + 14*s**2 - 17*s - 36. Calculate f(-15).
-6
Let r(p) = -60*p - 428. Calculate r(-7).
-8
Let k(g) = g**2 + 3*g - 5. What is k(-6)?
13
Let z(v) = v - 3. Calculate z(-4).
-7
Let i(d) = 3*d**3 - 36*d**2 - 8. Give i(12).
-8
Let u(t) = 9*t - 26. Give u(14).
100
Let l(p) = p**2 + 8*p - 35. Determine l(-11).
-2
Let u(i) = i - 6. Calculate u(-6).
-12
Let g(n) = n**3 - 27*n + 2. Determine g(5).
-8
Let a(t) = t**3 + 7*t**2 - 4*t - 20. Calculate a(-7).
8
Let v(j) = 84*j**2 + j + 2. Give v(-1).
85
Let i(o) = o**2 - 130*o + 739. Determine i(6).
-5
Let u(x) = x**2 + 4*x + 2. Calculate u(-1).
-1
Let z(j) = 6*j**2 - 7*j - 7. What is z(5)?
108
Let w(n) = 28*n**2 - 4*n. Determine w(-2).
120
Let n(h) = -h**2 - 10*h - 18. Give n(-10).
-18
Let o(v) = -3*v + 40. Calculate o(15).
-5
Let g(n) = 143*n + 3. Determine g(-1).
-140
Let r(c) = c**2 + 10*c - 48. What is r(4)?
8
Let v(f) = -2*f**3 - 2*f**2 + f - 2. Calculate v(-2).
4
Let o(h) = -7*h - 25. Calculate o(-10).
45
Let m(t) = -t**2 + 7*t - 5. What is m(9)?
-23
Let w(v) = -v**2 - 13*v - 2. What is w(-11)?
20
Let k(n) = 9*n + 52. Calculate k(-5).
7
Let f(y) = -2*y**3 - 34*y**2 + 73*y - 60. What is f(-19)?
-3
Let y(i) = i**3 + 6*i**2 + 7. What is y(-6)?
7
Let c(d) = -d**2 - 16*d + 10. Determine c(-10).
70
Let c(s) = s**2 + 5*s + 7. What is c(-8)?
31
Let t(l) = -18*l - 244. Calculate t(-14).
8
Let g(j) = -6*j**3 - 2*j**2 + j - 5. Determine g(2).
-59
Let g(m) = -m - 17. Give g(-22).
5
Let h(t) = t**2 - 17*t - 29. Calculate h(19).
9
Let s(u) = 3*u + 58. Calculate s(-19).
1
Let y(o) = 7*o**3 + o. Give y(-1).
-8
Let k(i) = i**3 + 8*i**2 - 4*i - 38. Determine k(-8).
-6
Let v(w) = -w + 4. Calculate v(8).
-4
Let r(v) = -5*v**2 - 3*v - 4. Give r(-4).
-72
Let v(h) = h**2 - 5. What is v(-5)?
20
Let n(x) = -36*x - 635. Determine n(-18).
13
Let k(d) = d**3 + 14*d**2 + 13*d + 4. Calculate k(-13).
4
Let j(t) = 3*t - 16. What is j(4)?
-4
Let n(q) = 4*q + 6. Determine n(-11).
-38
Let s(u) = -2*u**2 - 88*u - 3. Give s(-44).
-3
Let t(k) = -k**2 + 10*k - 9. Determine t(3).
12
Let q(j) = -6*j**2 + 27*j - 12. Give q(4).
0
Let o(l) = l**2 + 3*l - 1. Determine o(-10).
69
Let x(a) = -2*a**3 - 17*a**2 - 9*a - 9. Determine x(-8).
-1
Let v(y) = 3*y + 132. Determine v(-47).
-9
Let i(v) = -2*v - 26. Give i(-11).
-4
Let h(a) = -a**3 + 4*a**2 + 4*a + 4. What is h(5)?
-1
Let m(x) = -x**2 + 6*x + 2. Calculate m(6).
2
Let d(t) = -4*t**2 - t + 1. Calculate d(2).
-17
Let p(n) = n**2 - 7*n + 4. What is p(6)?
-2
Let r(m) = 3*m**2 + m + 6. Give r(3).
36
Let w(l) = 8*l**3 - 2*l**2 + 3*l - 2. What is w(1)?
7
Let t(l) = -4*l**2 + 42*l + 85. What is t(-2)?
-15
Let j(q) = q**3 - 2*q**2 - 14*q + 33. What is j(5)?
38
Let o(f) = -f**3 - f**2 + 37*f + 24. Give o(6).
-6
Let l(h) = -h**3 - 7*h**2 - 7*h + 4. Calculate l(-6).
10
Let l(x) = x**2 - 22*x + 43. Calculate l(20).
3
Let i(o) = o**3 - 8*o**2 + 12*o - 12. What is i(7)?
23
Let m(t) = 5*t - 17. Determine m(0).
-17
Let x(s) = s**3 + 8*s**2 + 8*s - 6. Calculate x(-6).
18
Let x(r) = 2*r + 70. Give x(-23).
24
Let i(b) = b - 1. Determine i(13).
12
Let v(t) = -t - 40. Calculate v(-43).
3
Let w(m) = -m**3 - 2*m**2 + 2*m - 1. Determine w(-5).
64
Let j(c) = c**3 + 8*c**2 - 19*c - 43. Determine j(-10).
-53
Let i(f) = -38*f + 230. Give i(6).
2
Let j(q) = q**3 + 2*q**2 - 18*q - 18. Determine j(-5).
-3
Let l(o) = 4*o**2 - 2*o - 1. Give l(-1).
5
Let t(a) = a**3 - 4*a**2 - 5*a + 4. What is t(5)?
4
Let k(f) = -f**2 - 40*f - 149. Give k(-36).
-5
Let t(l) = l - 3. Give t(-9).
-12
Let b(j) = 7*j - 5. Give b(-4).
-33
Let z(f) = 2*f + 3. Calculate z(11).
25
Let q(z) = -z**3 + 16*z**2 - 25*z + 48. What is q(15)?
-102
Let l(v) = -v**2 - 13*v - 11. Determine l(-9).
25
Let p(o) = o**2 - 8*o - 10. Calculate p(7).
-17
Let s(m) = 32*m - 35. Calculate s(1).
-3
Let o(u) = -u**3 + u**2 + 10*u - 5. Calculate o(3).
7
Let u(q) = 2*q - 3. What is u(6)?
9
Let k(s) = -s + 1. Give k(7).
-6
Let k(q) = 7*q - 3. Give k(-3).
-24
Let p(g) = -2*g**2 - 26*g - 11. Calculate p(-14).
-39
Let l(j) = -j**2 - 5*j + 14. Give l(-12).
-70
Let q(n) = n**2 + 12*n - 53. Calculate q(-15).
-8
Let q(p) = 4*p**2 - 4*p + 2. Give q(2).
10
Let g(z) = z**2 - 28*z + 15. What is g(27)?
-12
Let r(m) = m**2 - 16*m - 32. What is r(12)?
-80
Let g(c) = 7*c**2 - 22*c - 18. What is g(4)?
6
Let p(h) = -47*h + 1. Give p(1).
-46
Let i(k) = -4*k**3 + 2*k**2 + 4*k + 5. Give i(-2).
37
Let v(i) = 5*i + 9. Determine v(-8).
-31
Let k(y) = -y**2 + 6*y. Calculate k(3).
9
Let c(w) = w**2 + 2*w - 34. What is c(5)?
1
Let v(q) = -q**3 - 5*q**2 - 7*q - 16. Determine v(-4).
-4
Let w(a) = a + 13. Determine w(-13).
0
Let w(k) = 4*k - 29. Determine w(20).
51
Let m(r) = -4*r - 44. Give m(-6).
-20
Let l(b) = b**3 + 21*b**2 - 19*b + 54. Calculate l(-22).
-12
Let u(a) = a**3 + 2*a**2 - 5*a + 4. Give u(0).
4
Let s(k) = -k**3 + 3*k**2 + k - 1. Determine s(-3).
50
Let l(j) = -2*j - 2. Determine l(-13).
24
Let u(h) = h**3 + 7*h**2 - h + 4. What is u(-7)?
11
Let u(c) = -5*c**2 + 3*c + 1. Determine u(3).
-35
Let l(i) = -2*i + 29. Calculate l(-31).
91
Let a(h) = h**3 + 11*h**2 - h + 6. Give a(-11).
17
Let a(y) = y. What is a(14)?
14
Let o(s) = 2*s**2 + 20*s + 45. Calculate o(-9).
27
Let l(v) = 2*v**2 + 5*v + 2. Give l(-5).
27
Let r(t) = -t**3 - 12*t**2 - t - 23. Determine r(-12).
-11
Let s(k) = -k**2 + 17*k - 32. What is s(15)?
-2
Let x(k) = 7*k - 12. Determine x(1).
-5
Let w(l) = l**2 + 13*l - 5. Determine w(-14).
9
Let p(f) = 5*f**2 + 74*f - 10. Determine p(-15).
5
Let t(b) = -4*b**2 + b - 3. What is t(2)?
-17
Let m(h) = 5*h + 35. Calculate m(-7).
0
Let w(m) = m**2 + m - 2. Give w(-3).
4
Let d(t) = -2*t**3 + 3*t**2 + 4. Calculate d(5).
-171
Let p(m) = -120*m - 25. What is p(-2)?
215
Let y(z) = z**3 - 10*z**2 + 3*z - 20. Determine y(10).
10
Let o(l) = 35*l + 460. Calculate o(-13).
5
Let l(a) = a**3 - 5*a**2 - a - 1. What is l(4)?
-21
Let d(g) = -g**3 - 7*g**2 + 2*g + 17. Give d(-7).
3
Let x(w) = -2*w**2 + 4*w + 3. Give x(-5).
-67
Let v(q) = q**3 + 7*q**2 + 6*q - 6. Give v(-5).
14
Let n(q) = -4*q + 24. Determine n(16).
-40
Let v(m) = -m**3 - 18*m**2 - 16*m + 19. Calculate v(-17).
2
Let k(a) = -15*a + 27. Determine k(13).
-168
Let i(y) = -6*y + 4. Determine i(6).
-32
Let h(p) = 2*p. Determine h(-8).
-16
Let b(v) = 18*v**2 + 9*v - 15. Give b(2).
75
Let h(f) = 19*f - 34. Determine h(5).
61
Let z(x) = -14*x**3 - 70*x**2 - 6*x - 30. Determine z(-5).
0
Let u(h) = -4*h**2 - 2*h - 6. Calculate u(-2).
-18
Let p(k) = 2*k**3 + 2*k**2 + 2*k + 4. What is p(-2)?
-8
Let m(t) = 12*t - 28. Calculate m(2).
-4
Let l(a) = -a**2 + 12*a - 30. Give l(3).
-3
Let p(d) = -2*d - 13. What is p(-8)?
3
Let f(k) = 10*k**3 - k**2 - 2*k + 2. Calculate f(1).
9
Let g(k) = 9*k**2 - 29*k - 2. Calculate g(3).
-8
Let c(t) = -38*t + 1. Determine c(1).
-37
Let t(x) = -x**2 + 8*x - 9. Give t(8).
-9
Let k(a) = -a + 11. What is k(17)?
-6
Let c(d) = 22*d - 101. What is c(5)?
9
Let h(f) = -f**2 + 2*f + 3. Determine h(-3).
-12
Let c(w) = 15*w - 183. Give c(12).
-3
Let h(l) = -l**3 - 3*l**2 + 12*l + 24. Give h(-4).
-8
Let a(n) = n**3 - 6*n**2 + 3. Calculate a(6).
3
Let a(s) = -s**2 + 7. Give a(-2).
3
Let h(f) = -3*f**2 + 2*f + 28. Determine h(-5).
-57
Let a(o) = -o**2 - 10*o + 14. What is a(-11)?
3
Let p(a) = -11*a - 25. Calculate p(-2).
-3
Let v(c) = 3*c + 18. Give v(-8).
-6
Let l(y) = -y**2 